composite number?
True
Let k(u) = u**3 + 6*u**2 - 7*u - 6. Let c be k(-7). Is 39/15 - c/15 a composite number?
False
Is (-3)/3 - 2 - -1*92 composite?
False
Suppose 605 = v + 4*v. Suppose 2*u - v + 27 = 0. Is u a composite number?
False
Let g be 2/8 + (-22)/(-8). Let i be (-24)/42*7/(-2). Suppose i*b - g*b = -23. Is b prime?
True
Is 1061 + 5 + -8 - -3 a prime number?
True
Suppose -3*a = a - 540. Suppose 5*f - 3*p - 135 = f, 3*p - a = -5*f. Let i = 1 + f. Is i composite?
False
Suppose -75 = 3*s - 8*s. Is s prime?
False
Let l(r) = r + 27*r**2 + 0*r + 4 - 13*r**2. Is l(-3) composite?
False
Let c = 529 + -229. Let o = c + -187. Is o a composite number?
False
Suppose 0 = -2*v - 2*r - 776, 2*v + 0*v + 766 = 3*r. Let f = v + 569. Is f prime?
False
Is (-1 - -378) + -2 + 4 prime?
True
Let z(s) = 6*s - 2. Let o be z(1). Suppose x = 5*j - 1259, 513 = -o*j + 5*x + 1537. Is j a composite number?
False
Suppose -2*c + 10 = 3*c. Let n(g) = g + 1. Let m be n(c). Suppose 5*o - 91 = -h + 3*o, -5*o = m*h - 269. Is h composite?
False
Let k(h) = -h**2 - 5*h + 5. Let s be k(-5). Suppose 4*t = s*t - 5*z - 97, -2*z = 3*t - 206. Let b = t - 33. Is b a prime number?
False
Let y = 21 - 12. Let r(t) = 15*t + 0 - t**2 - 3*t - 6. Is r(y) a prime number?
False
Let x(m) = 77*m - 2. Is x(9) composite?
False
Suppose 5*o + 4*b - 6*b - 28 = 0, 3*b + 20 = 2*o. Is 2/o + 469/14 a composite number?
True
Let q(n) = -n**2 + n + 1117. Is q(0) composite?
False
Let b(g) = 2 - 4 + 4*g**2 + 3. Is b(-3) a prime number?
True
Let u(p) = p**3 + 14*p**2 - 16*p + 5. Let n be u(-15). Let g(l) = 67*l**3 + l. Let q be g(1). Suppose 0 = 4*k - n, -2*z = k - 3*k - q. Is z a prime number?
False
Let z(y) = y**3 + y + 395. Let r be (-6)/(-15) + (-6)/15. Let f be z(r). Suppose f = 4*v + v. Is v composite?
False
Suppose 3*t + 540 = 3*h, -2*t - 6 = -0. Is h a prime number?
False
Let c = -1277 + 2178. Is c a prime number?
False
Suppose -5*f + 7312 = -4*d, -2*d + 7*d = f - 1454. Let v = f - 982. Is v composite?
True
Let b = -65 + -415. Let t = b - -1447. Is t a prime number?
True
Let s(v) = v + 20. Let w be s(-9). Suppose 4*a - 9 = w. Is (-2)/(20/(-42))*a a composite number?
True
Let l(g) = 2*g - 3*g + 5*g. Let q be l(2). Is 86/q + (-3)/(-12) a prime number?
True
Let t = -3654 - -6307. Is t prime?
False
Let h(p) = 176*p - 3. Is h(4) a composite number?
False
Let u(h) = -3*h**2 - 12*h + 6. Let r be u(-10). Let q = r - -483. Let g = q + -160. Is g prime?
True
Suppose -232 = -7*u + 3*u. Is u a composite number?
True
Let s(o) = 520*o - 17. Is s(3) a prime number?
True
Let y be (-2)/7 + (-4)/(-14). Suppose 2*q = -4*m - 2*q, 4*q + 12 = 0. Suppose 5*k + 0*k = m*j - 102, y = 5*j + 3*k - 204. Is j composite?
True
Let p = 12 + -6. Suppose -4*g - p = -18, g = -4*x + 647. Is x composite?
True
Let g(j) be the first derivative of 6*j**2 - 5*j - 1. Is g(5) a prime number?
False
Let s = -51 - -31. Let m = s + 43. Suppose -2*r = j - 115, 3*r + 5*j + m - 199 = 0. Is r a prime number?
False
Suppose -2*w = 3*w - 130. Suppose s + 395 = o + w, -o = -5*s - 385. Is o a composite number?
True
Suppose -1914 = 4*d - 5558. Is d prime?
True
Let n(v) = 2*v**2 + 1. Let u be n(-1). Suppose u*o = -0*o + 1023. Is o a composite number?
True
Let x(w) = -24*w + 1. Let i = 0 + 0. Let c = -1 - i. Is x(c) composite?
True
Let y = 6 + 7. Is y prime?
True
Let b = 22346 - 6589. Is b a prime number?
False
Let r = 914 - 471. Is r a prime number?
True
Let y(l) = -2*l**3 + 2*l**2 + 3*l + 3. Let i = -24 + 34. Suppose -i = 5*k - 0*k. Is y(k) a composite number?
True
Let g = 1170 + -451. Is g prime?
True
Let q(d) = 96*d - 1. Is q(2) composite?
False
Suppose 3*l + 2*l = 790. Is l prime?
False
Let z(y) = y**2 - 5*y - 4. Let o be z(6). Suppose -3*u = o*u + 4*i - 247, 0 = -u - 5*i + 41. Suppose -u - 76 = -k. Is k a composite number?
False
Suppose -3*c - 2560 = -5*m, 2*m - 2*c + 360 = 1388. Is m composite?
False
Suppose -4*x = -z + 203, 0 = z + 5*x - 50 - 144. Is z a composite number?
False
Suppose -664 = 5*g - 8304. Suppose 4*r - g = 2*r. Suppose -5*o + o + r = 0. Is o a prime number?
True
Suppose -3*u + 6*v - 2*v = -497, -3*u + 491 = -v. Is u a composite number?
False
Suppose 1147 - 192 = 5*q. Is q prime?
True
Let q = -31 - -22. Let p = q - -62. Is p a prime number?
True
Let c be ((-4)/8)/((-1)/(-142)). Let v = 14 - c. Is v prime?
False
Is (-10*(-4)/4)/((-4)/(-134)) a prime number?
False
Suppose 4*v - 3*v - 2 = 0. Suppose 0 = 4*d + 20, 0*x - v*d = 5*x - 85. Is x a composite number?
False
Suppose 4*k = 2*w - 3634, -2*w + 12*k + 3643 = 17*k. Is w composite?
True
Let l(v) be the third derivative of v**5/12 + 5*v**4/24 + v**3/2 - v**2. Is l(4) a composite number?
False
Let y = 354 + -222. Let z = -7 + 12. Suppose y = z*j - j. Is j composite?
True
Is (-10875)/(-12) - (-9)/12 a prime number?
True
Let c(g) = 75*g + 4. Is c(5) a prime number?
True
Is ((-2)/(-2))/(4/740) prime?
False
Is (9 - 93/12)/((-1)/(-12)) a prime number?
False
Let v be (15/(-6))/((-3)/18). Suppose -5 = 5*z - v. Suppose 0 = l - 48 + z. Is l a prime number?
False
Let k = 52 + 61. Is k composite?
False
Let f(z) = 5*z**2 + 13*z - 20. Is f(9) a composite number?
True
Let p = 275 + -84. Is p prime?
True
Suppose 0 = -4*y - 0*y + 8. Is y prime?
True
Suppose j = 33 + 4. Is j a composite number?
False
Suppose 3*a - 5*a - 2 = -2*q, -4*a - 3*q + 31 = 0. Suppose 5*r + 16 = a*d + r, -4*d + 30 = 3*r. Is d prime?
False
Let l(k) = k**2 - 5*k - 6. Let w be l(8). Suppose -2*s + 5*c = -79, 0 = -s + 5*c - w + 60. Is s a prime number?
True
Let b(h) = -287*h**3 + h**2 + h. Let j be b(-1). Let n = 128 - 288. Let p = n + j. Is p a prime number?
True
Let s(u) = u**3 - 3*u**2 + 2*u + 1. Is s(7) prime?
True
Suppose 2*y = -4*o + 226, -5*y = -5*o - 584 + 19. Is y composite?
False
Let s(u) = -u**3 + 5*u**2 - 2*u - 4. Let h be s(3). Suppose -4*m = -h*m + 204. Is m composite?
True
Let z = -225 + 1190. Is z composite?
True
Let g(j) = 440*j**2 - 3*j + 2. Is g(1) a composite number?
False
Let o = 15 + -3. Let t = 37 - o. Is t prime?
False
Let y be (-2)/6 - (-160)/12. Let n = -7 + y. Is (n/12)/(2/172) a prime number?
True
Let v = 12 + -92. Let z = v - -123. Is z a composite number?
False
Suppose 4*m - 11596 = 4*v, -2*m - 8*v + 4*v + 5810 = 0. Is m a composite number?
True
Suppose 3*n + w - 90 = 0, n - 20 - 23 = 4*w. Is n a prime number?
True
Let k(i) = -i**3 + 11*i**2 - 11*i + 6. Let z be k(8). Suppose -5*w = 0, 81 + z = h + 2*w. Is h a composite number?
False
Let y(u) = -u + 33. Suppose 3*g = 2*g. Is y(g) a prime number?
False
Suppose 496 + 641 = h. Is h prime?
False
Let x = 0 - -5. Suppose 3*d - 2*k - 41 = 190, x*k = -3*d + 252. Let w = 70 + d. Is w composite?
False
Let b(i) = -4*i**3 - 6*i**2 + 2*i - 4. Let d(g) = g**3 + g**2 - g + 1. Let c(o) = b(o) + 5*d(o). Is c(6) a composite number?
False
Suppose 20 = 3*y - 25. Let j be (250/y)/((-2)/(-18)). Suppose 4*u + a = 6*a + 203, 3*a + j = 3*u. Is u prime?
True
Let f = 0 - -2. Suppose 4*v = f*v + 958. Is v a prime number?
True
Let u(m) = 18*m**2 + 2*m - 1. Let p be u(2). Suppose -5 - 15 = b. Let k = b + p. Is k a composite number?
True
Let k = 7 - 5. Suppose -h = -k*h + 2. Suppose 2*n - 8 = 0, -221 = -3*q - h*n - 3*n. Is q a prime number?
True
Let u(g) = -4*g**2 + 4*g**2 - 5*g**3 - 3*g**2 + g. Let w be u(-3). Suppose t - w = -4*t. Is t composite?
True
Let z = 35 - 34. Suppose 0 = -2*t - 23 + 7. Is t/(-4) + 0 + z composite?
False
Let k = 512 - 771. Let b = -141 - k. Is b a prime number?
False
Suppose 4*w + 3*b = 12548, -3*w + 3702 = 5*b - 5709. Is w composite?
False
Suppose -3*q + 5*l + 2399 = 3*l, 0 = 3*l + 12. Is q a composite number?
False
Suppose -4*r = -5*r + 149. Is r a prime number?
True
Let k(r) = 69*r**2 + 3*r + 1. Is k(3) a prime number?
True
Let y(f) = f**3 + 4*f**2 + 3*f - 1. Let k(s) = s**3 + 5*s**2 + 3*s - 2. Let i = -4 - -7. Let d(u) = i*k(u) - 4*y(u). Is d(-4) a prime number?
False
Suppose 4*q = 8*q + 692. Let w(m) = -36*m**3 + m**2 - 1. Let k be w(1). Is q/(-9) + 8/k a composite number?
False
Is (2 - (-8)/(-6))/(2/603) prime?
False
Let s(h) = -8*h - 2. Suppose 7*m - 3*m + 16 = 0. Let g be s(m). Suppose 4*x - 3*d - 60 = 0, -2*x + g = d + d. Is x prime?
False
Let t be (-399 + (-1 - 2))/(-1). Suppose 4*j = -t + 122. Let m = -48 - j. Is m a composite number?
True
Let q(a)